1.
15
Calculate 16 + 9 + -37 - (-34 + -2 + 1).
23
Evaluate -12 + -3 - (-93 + 64).
14
-23 + 15 + 3 + 3 + -13
-15
Calculate (18 - 32) + (2 - (19 + -31)).
0
What is 23 - 13 - ((8 - 5) + -9)?
16
What is (-3 - (-1 + -4 - (-21 - -23))) + 9?
13
What is 15 + -6 + 0 + 1 + 0 - -1?
11
18 - (45 - 43) - (0 - -7)
9
What is 239 - 254 - (-4 - -20)?
-31
What is (1532 - 1522) + -1 + 16?
25
Calculate 0 - -9 - (3 + -3 - -3).
6
What is the value of -2 - (-3 + -13) - (14 + 1 + -10)?
9
What is -3 + 10 + ((8 - 6) + 1 - 5)?
5
What is 14 + -4 - 7 - 10?
-7
Evaluate 3 + 8 - (-275 - -266).
20
Calculate -8 + (3 + -9 - -6) + -5.
-13
Evaluate 4 + 2 + 0 + 9 + -13.
2
Calculate 7 + (15 - 7 - 3).
12
What is the value of 37 + -9 + -15 + -1 + -2 - 2?
8
What is the value of -28 + 12 + 15 + (-17 - -1) + 5?
-12
(8 - -4) + -8 - -6
10
Evaluate -5 + -3 - -3 - (13 + -6 - 6).
-6
What is 3 + (9 - (-2 + 6)) + -10?
-2
Calculate (-34 - (33 - 84)) + -1.
16
(-2 - (2 + 5)) + (269 - 224)
36
7 - (0 - (-9 - (7 + -11 + -16)))
18
Evaluate 4 + (-7 + 6 + 8 - 1).
10
What is -23 - ((0 + -6 - -1) + (43 - 37))?
-24
What is -15 - ((11 - 1) + -5 - 7)?
-13
Evaluate 12 + (-9 - -4) - 8 - -9.
8
What is -4 - (-7 - 4 - -24 - 7)?
-10
1 + 7 + (-21 - -17) + -17 + -19
-32
Calculate -3 - -2 - (50 - 64).
13
What is the value of -10 - (-52 + (18 - -1 - 11))?
34
5 + -2 + 0 + 8
11
What is the value of (3 - 12 - -6) + (1 - (14 + -1))?
-15
Evaluate 0 + -18 + 42 + -19.
5
-14 - (13 + -40 + 18)
-5
What is 2 + -18 + 3 + 13?
0
What is -4 + 1 - (31 + -15)?
-19
Evaluate 1 + -1 - (-11 + 8) - (11 - 6).
-2
Calculate 5 + 3 + -7 - (25 + -20).
-4
What is -4 + 12 + -29 - 2?
-23
What is the value of -15 - (-2 - (22 - 11))?
-2
What is the value of 4 + -5 + 25 + (-12 - -3)?
15
Calculate 50 - (-21 + 62) - (2 + 10 + -1).
-2
What is 30 - ((6 - -9) + 14)?
1
What is 8 - (-11 + 11) - 7?
1
Calculate 4 + 4 + 19 - (5 + 6 + -8).
24
Calculate (2 - 5 - -10) + (5 + -14 - 10).
-12
Calculate (4 - 9 - -15) + 11 + -14 - 34.
-27
9 + (-5 + -3 - -6) - 21
-14
What is the value of (2 - 25 - -15) + (10 - 2)?
0
Calculate -10 + -10 + -13 + 24.
-9
Evaluate (4 - 5 - 3) + 107 + -89.
14
What is -16 + 1 + (-334 - -348)?
-1
23 - 19 - (-37 + 22)
19
What is 10 - ((6 - (6 - 9)) + -14 - -9)?
6
Calculate (-21 + 7 - -15) + 4 + -2.
3
What is (-6 - -24) + -3 + -14?
1
-7 + 16 + -14 - (0 + 1) - 4
-10
What is -3 + -10 + (19 - 8) + 19?
17
Calculate 30 + -24 - (4 + 2).
0
(40 + -24 - 36) + 24
4
Evaluate (7 - (2 + 1)) + (18 - 15).
7
Calculate -5 - (2 + -3 - 0 - (-25 + 25)).
-4
What is the value of (2 + -2 - 0) + 49 + -43?
6
What is the value of ((9 - 3) + -9 - 2) + -3 + 1?
-7
Calculate 0 + -13 + 25 - -3.
15
What is 3 + -3 + 3 - (-5 - -19)?
-11
-13 + 1 + -17 - -23
-6
What is 0 + 1 - -16 - (-22 - -45 - 20)?
14
What is the value of (4 - 5) + 17 + -9 + -21?
-14
What is -10 - (-4 + 12 + -12 + 11)?
-17
14 + (13 - (-2 + 5 - 2))
26
2 + -3 + 10 - (-1 - -1)
9
19 + -46 + 18 + 5
-4
What is the value of 3 + 2 - -15 - (-14 - -67)?
-33
What is -3 - (35 + -47 + 5)?
4
What is -5 + -28 + 40 + (-18 - 0)?
-11
What is the value of -72 + 99 + (-1 - 14)?
12
-7 + (-9 - -14) + -5 + (4 - -1)
-2
Evaluate -1 - (2 - (-2 - (1 - 8))).
2
Evaluate (13 - -28) + -18 + -2.
21
Calculate -3 - (3 + (2 - (17 - 5))).
4
5 - 17 - (-3 + 25 + (0 - -4))
-38
What is (5 - (0 + 14)) + (-1 + 4 - -2)?
-4
-38 + (45 - 9) - (-11 + -4)
13
-5 + 2 + (17 - 7) - (32 + -16)
-9
What is (14 + 4 - (-5 + 20)) + -11 + -1?
-9
Calculate -5 + 0 + (1 - (-14 + -3)) + -1.
12
2 + -5 - -4 - (-95 - -86)
10
Evaluate -4 - (-4 + -11) - (-1 - 0 - 7).
19
What is the value of -24 - (-17 - -8) - -23?
8
What is 26 - (10 + 27 - 12)?
1
What is the value of -28 + 40 + (-2 - 5) - (22 + -1)?
-16
-15 + 25 + -19 - (-3 + 2) - 1
-9
Evaluate -12 + (8 - -10) + -12.
-6
What is 11 + -39 + (10 - -3)?
-15
What is the value of -44 + (37 - (13 - 6))?
-14
Calculate (-12 - -2 - 2) + 16.
4
Evaluate 0 + 27 + -2 + -3 + -20 + 10.
12
-3 + 16 - (-4 + 8 + 3 + -4)
10
Calculate 29 + -22 - (-3 + -1).
11
(-33 - -16) + 3 + 4 + -2 - 10
-22
What is the value of (26 - (22 - 39)) + -19?
24
-2 - (-8 + (12 - -4))
-10
Evaluate 8 + 2 + -2 - (5 + 4).
-1
Evaluate -10 - (-3 + (-2 - 5)) - 19.
-19
What is the value of -12 + (7 - (-15 + 2)) + -3 - 35?
-30
What is 10 - ((-1 - -10) + -6)?
7
4 + -1 - -18 - (22 + -25)
24
(-40 - -35 - -7) + -23
-21
Evaluate 0 + 28 + -2 + 20 + -32.
14
Calculate (14 - 7) + -1 + -1 + 0 + 3.
8
Evaluate -20 + 7 + -4 + -4 + 7.
-14
What is the value of 5 + 5 + -24 + 12?
-2
-21 - (-43 + 15) - (-2 - 0)
9
Calculate -7 + 15 + 9 + -5.
12
What is -22 + (-2 - -35) + -18?
-7
Evaluate -37 - (-31 + 35 - 37).
-4
What is 12 + -2 - 2 - (-135 + 142)?
1
Evaluate 29 - (20 - (-9 - -15 - -7)).
22
Calculate -38 + 24 + (-16 - -10).
-20
Evaluate (-9 - -24) + -11 + 17 - (6 - -1).
14
Evaluate 2 - 7 - (145 + -123 + -1 + 5).
-31
Evaluate (-20 - -5) + (-2 - ((10 - 6) + -9)).
-12
What is 3 + (-4 + 1 - (-18 + 8) - 3)?
7
What is the value of (-9 - -4 - 1) + (13 + -1 - 7)?
-1
What is the value of -18 + 7 + -1 + (-6 - 7)?
-25
15 + (0 - 7) + 32 - 4 - 5
31
What is (-24 - -3) + 20 - 12?
-13
What is the value of -319 - -271 - (0 + -23)?
-25
What is the value of -2 + 10 - (7 + -37 - -20)?
18
What is the value of 83 + -90 - (-2 - (-4 - 2))?
-11
What is (2 - 1) + 175 + -167 - -2?
11
Calculate 8 - ((10 - 9) + 26).
-19
Evaluate (-26 - 2) + 2 + (-148 - -156).
-18
What is the value of 8 + 0 + (-15 - (15 + -36))?
14
Evaluate 6 + -2 + -2 + 9 + -2 + 0.
9
What is 3 - (0 - -12) - (162 + -155)?
-16
-5 + 2 + -6 + (-14 - -8 - 2)
-17
What is the value of (18 + -19 - (25 - 2)) + (-6 - -11)?
-19
Calculate 24 + -39 + 21 + -33.
-27
(6 - -2) + -2 + -33 + 40 + -7
6
What is the value of -308 + 300 + 12 + (0 - 1)?
3
What is 24 + -17 + 2 + -1 - -5?
13
What is (-9 + 13 - 11 - 16) + 13?
-10
Calculate 16 + 0 + -27 + 25 - 6.
8
What is (-8 - 0) + (38 - 4) + -20?
6
Evaluate -2 - -12 - (9 - 8 - 1 - -2).
8
Evaluate 1 + 7 + -3 + -2 + 6.
9
Calculate -24 + (24 - 14 - -14).
0
What is the value of 14 - ((8 - (5 + 6 + -2)) + -1)?
16
What is -10 + 0 + 0 + (1 - 14)?
-23
What is 198 + -207 + (2 + -7 - 0)?
-14
28 + (-7 - (-4 - -1) - (-9 + 13))
20
Calculate (-25 - (12 - 12)) + 31.
6
Evaluate 26 - 1 - (-75 - -104).
-4
Calculate -47 + 17 + 5 + 44.
19
Evaluate (-28 - -2) + -19 + 43.
-2
What is the value of (6 - (-7 + -4)) + 10 + -8 + 4?
23
What is the value of -11 + (9 + -7 - (22 - 30))?
-1
Evaluate 26 + -3 + 2 + 8 + -7 + -4.
22
What is -5 + -3 + 15 + -3 - -14?
18
What is the value of -4 + (-5 - 6 - -22) + -19?
-12
Evaluate (-4 - (-9 + 8 + 2 + 3)) + 15.
7
What is the value of 2 + (-9 - -4 - -2) - (3 - 6)?
2
What is (1 - (-2 + (2 - 1))) + (45 - 50)?
-3
-1 - -8 - 12 - (-8 + 0 + 8)
-5
What is the value of -1 + -4 + 0 + -6 - -6 - 2?
-7
Evaluate (9 - 53) + 24 + 26.
6
(13 + -21 - 5) + 10
-3
Calculate 3 + -2 + -4 + -7 + 4 - -5.
-1
1 + -16 - (60 - 87)
12
Evaluate -69 + 57 - (-2 - 11).
1
12 + 10 - (75 - 44)
-9
(6 - 0 - 3) + -3 + -4 - -33
29
Calculate -4 + (-2 - (-4 - -11 - 0)).
-13
What is (1 - 8) + 2 - (-57 + 40)?
12
Evaluate -7 + ((-7 + 10 - 9) + 5 - 2).
-10
What is the value of 1 - (-17 + -3 - -51)?
-30
What is 1 + -3 - (-742 + 738 + 1 + 3)?
-2
Calculate (2 - (9 + -16 + 8)) + -2 + 15.
14
-6 + -3 + 19 + (1 - 3)
8
What is 3 - (0 - (-5 + (-7 - (-5 - 1))))?
-3
Calculate -20 - (7 + -21) - 8 - 13.
-27
Evaluate -20 + (1 + -5 + 8 - -4).
-12
Calculate (-134 - -157) + (-10 - (2 + -6) - -1).
18
What is the value of 19 - (-27 - -35) - (-3 - -2)?
12
What is 2 + 46 + 295 + -310 + (-1 - 1)?
31
Calculate (1 + 3 - (45 + -32)) + 4 + -5.
-10
Calculate 5 + (1 - 5) + 7 + 5 + 4.
17
34 - (5 + 5) - 25
-1
-2 - (47 + 8 + -44)
-13
Calculate 0 - (10 + -3 + 0 + -4 - -1).
-4
Evaluate 58 - (-25 - (29 - 85)).
27
What is 6 + 1 + -33 + 7?
-19
What is 6 + 0 - (27 + -99 - -54)?
24
-18 - 27 - (0 - 10) - (2 - 10)
-27
8 + (2 + -1 - (22 + -10))
-3
Evaluate 0 + (-2 - (1 - 5)) + (-249 - -236).
-11
Evaluate 5 + (16 - (2 + (13 + -4 - 3))).
13
Calculate -16 + -13 - -16 - -2.
-11
What is -5 + -1 + -1 + (-16 - -34)?
11
What is 6 + (6 - 18) + 3 - -39?
36
What is the value of (2 - 26 - 7) + -19 + (-5 - -21)?
-34
What is the value of -5 + 29 + -15 + -17?
-8
What is 13 + -4 + 4 + -16?
-3
-18 - (3 - -7 - 24)
-4
Calculate 13 - -2 - (141 - 142).
16
What is (15 - 24 - -4) + 14?
9
Evaluate 22 + (-24 - (8 - 19) - -13).
22
Calc